e 5*d + 7 + 8 = o. Let f(b) = -b**3 - 2*b**2 + 3*b + 2. Determine f(d).
2
Let q(v) = v**3 + 5*v**2 + 4*v - 4. Let y be (-4 + 0)*1*(1 + 0). What is q(y)?
-4
Suppose 17*h - 21*h = 12. Let o(j) = -2*j**3 - 5*j**2 - 3*j - 2. What is o(h)?
16
Let o(c) = c**2 + 6*c - 6. Let j(g) = -g**2 - 6*g + 7. Let z(w) = -4*j(w) - 5*o(w). Suppose -3 = v + 4. Calculate z(v).
-5
Suppose -4*a = a, 0 = -2*y - 3*a - 6. Let o(k) be the second derivative of -k**3/3 + 2*k**2 - 18*k. Give o(y).
10
Let y(b) = 7*b**3 - b**2 - b - 1. Let c = 2 - 5. Let l be (c + (-7)/(-2))*-6. Let m be (-1)/4 - l/(-4). Determine y(m).
-8
Let i(b) = 2*b**2 - b. Let a(y) = -y**3 - 7. Let j(f) = a(f) + 3*i(f). Give j(5).
3
Suppose 0 = 3*l - 12, 2*z + 3*z + 3*l = 17. Let h be (-2)/(4/6*z). Let f be (0*h/(-9))/1. Let j(t) = -t**3 + t + 2. Determine j(f).
2
Let v(s) = -s**2 + 7*s - 7. Let d be v(5). Suppose 1 = d*r - 2. Let n(u) = 2*u**3 - u**2 + 1. Give n(r).
2
Let z(h) = h**2 - 4*h - 5. Suppose 3*s + 3*m - 18 = 0, 11 = -2*m + 3. Let u(p) = p - 6. Let b be u(s). Determine z(b).
-5
Let m(c) be the third derivative of 0 + 5*c**2 + 1/24*c**4 + 0*c + 1/3*c**3. Determine m(-6).
-4
Let j(i) = i**2 - 4*i + 3. Let f(b) = 2*b**2 - 9*b + 5. Let v(y) = 3*f(y) - 7*j(y). Calculate v(0).
-6
Let s(d) = d + 8. Let q(r) = -6*r + 6. Let t be q(1). Calculate s(t).
8
Let w(v) = -v**3 - v. Let z(a) = 4*a**3 + 8*a + 2. Let y(i) = -8*w(i) - z(i). Let s(g) be the first derivative of y(g). Determine s(1).
12
Let v be (18/(-4))/((-1)/(-2)). Let p = v + 4. Let c(x) = x + 6. What is c(p)?
1
Let y(j) be the second derivative of j**6/720 + j**5/20 - j**4/6 + j. Let h(r) be the third derivative of y(r). What is h(5)?
11
Let m(f) be the first derivative of f**5/60 + f**4/8 + 7*f**3/3 - 8. Let g(y) be the third derivative of m(y). Determine g(5).
13
Let f(m) = 7*m - 1. Let c(v) = -15*v + 2. Let r(j) = -6*c(j) - 13*f(j). Suppose -5*y + 15 = -5*d, -y - 13 = 3*d - 2*y. Give r(d).
6
Suppose 2 = 3*j + 2*g - 3, -25 = -5*j + 5*g. Let r be (2/j)/(5/15). Suppose -r*s = -3*s. Let a(c) = -c + 9. What is a(s)?
9
Let g(w) = 0*w**2 - 12278*w + 2*w**2 + 12277*w - w**2. Give g(4).
12
Let b = 3 + -1. Let m = b + 2. Let c(i) = i**3 + 3*i**2 - 4*i + 4. Let j(h) = 2*h**3 + 7*h**2 - 8*h + 9. Let f(z) = 13*c(z) - 6*j(z). Determine f(m).
-2
Let m(p) = -2 + p - 3 + 2. Let a(u) = u - 7. Let h be a(10). Suppose -g + 1 = -f, h*g + 32 = -7*f + 3*f. Calculate m(g).
-7
Suppose l - 12 = 8*j - 3*j, 2 = -2*l - 3*j. Let t(i) = -2*i**2 + i + 2. Calculate t(l).
-4
Let p(m) be the third derivative of -m**5/15 - m**4/24 - m**3/6 + 3*m**2 - 8*m. Give p(-1).
-4
Let z(i) = 0 + 1 - i - 2*i**2 + i**2 - 2. Determine z(-4).
-13
Let i(m) be the second derivative of -m**5/60 + m**3/3 - m**2 + m. Let r(s) be the first derivative of i(s). Calculate r(-3).
-7
Let a(m) = m**2 + 8*m + 3. Let l(o) = -o**2 - 7*o - 2. Let c(z) = 3*a(z) + 4*l(z). Let y(p) = p + 5. Let w be y(-9). Give c(w).
1
Suppose -3*b = -0*b - 6. Let k(c) = 2*c**2 - 2 - c**3 + 1 - c**b. Calculate k(-2).
11
Let u(q) = -51 + 4*q**2 + 109 - 56. Calculate u(2).
18
Let f(h) be the first derivative of h**6/60 + h**5/30 + h**3/3 - 2*h**2 + 4. Let m(p) be the second derivative of f(p). Let j be (4/3)/(2/(-3)). What is m(j)?
-6
Let p(i) = -i**2 - 6*i - 3. Let o be p(-4). Let g(l) = 2*l - 7. Calculate g(o).
3
Let o(j) = 2 + 0 - 7*j - 3. Let f(q) = -q**3 - 6*q**2 - 4*q + 7. Let b be f(-5). Let g = 1 - b. What is o(g)?
6
Let m(j) = j + 3. Let s(b) = b + 3. Let l(k) = 2*k - 6. Let u be l(5). Let w(p) = u*s(p) - 5*m(p). What is w(3)?
-6
Let c(o) be the third derivative of -o**4/24 - 2*o**3/3 - o**2. Let l(p) = -6*p - 27. Let r(d) = -27*c(d) + 4*l(d). Calculate r(2).
6
Suppose -q = -0*q + 2. Let r(d) = d**2 - 3*d - 1. Let a(k) = 2*k**2 - 4*k. Let s(h) = q*a(h) + 3*r(h). Let l be ((-1)/(-2) + 1)*-2. Determine s(l).
-9
Let v(z) be the first derivative of -z**3/3 - z**2 - z - 2. Let g be 1*(-12)/(-30)*-5. Give v(g).
-1
Let d(w) = 2*w**2 - w - 1. Let p be d(-1). Suppose 4*f + p*s - 25 = 3*s, 2*f = -2*s. Suppose f*n = -0*n - 20. Let j(o) = -o. What is j(n)?
4
Let t(u) = 1 - 6*u**2 - u**3 - 5*u**3 + 0*u**2 + 8*u + 5*u**3. What is t(-7)?
-6
Let p(d) = 3*d - 4*d + 9 - 7. Let l(w) = 3*w - 9. Let v be (-7)/(-1) + 2*1. Let j(m) = v*p(m) + 2*l(m). What is j(-2)?
6
Suppose -3*o - 3 = -4*o. Suppose 0 = 2*f + o*f. Let d(g) = 5*g**2 + 5*g + 9. Let b(u) = 6*u**2 + 6*u + 9. Let t(i) = -4*b(i) + 5*d(i). Determine t(f).
9
Let p(k) be the second derivative of k**6/120 - k**5/12 + k**4/12 + k**3/2 - k**2/2 + k. Let g(t) be the first derivative of p(t). Let a = -1 + 5. Give g(a).
-5
Let y(a) be the second derivative of a**7/840 + a**6/60 + a**5/20 - a**4/4 - a**3/3 + 7*a. Let r(q) be the second derivative of y(q). What is r(-5)?
-11
Let k(z) = -7*z - 8*z**3 - 8*z**3 + 7*z**2 + 10 + 17*z**3. Determine k(-8).
2
Let x(s) be the second derivative of -s**5/20 - 5*s**4/12 - s**3/3 + s**2 - 11*s. Determine x(-4).
-6
Let x(p) = -p**2 - 5*p + 1. Let m be 1 + ((-13)/(-1))/1. Suppose -4*g - m = 2. Give x(g).
5
Let z(v) be the first derivative of -2*v**2 + 3. Let j(h) = 2*h**3 + 2*h**2 + 4. Let s be j(-2). Determine z(s).
16
Let x(c) = -3*c**3 + 13*c**2 + 7*c - 6. Let z(r) = -r**3 + 6*r**2 + 3*r - 3. Let j(a) = 2*x(a) - 5*z(a). Calculate j(-3).
-3
Let r(k) = k - 1. Let d = -4 - -1. Let u be 0/(-1) - (6 + d). Give r(u).
-4
Let g(o) = o + 2. Let a be (10/4)/(-1)*-2. Let u(i) = 6*i + 22*i - 6 - 21*i - i**2. Let p be u(a). Calculate g(p).
6
Let a = 42 - 47. Let h(v) = v**3 + 6*v**2 + 4*v - 2. What is h(a)?
3
Let g(r) = 2*r - 4. Let n be g(4). Let x(o) = o - n*o - o. Determine x(3).
-12
Let z(q) = -2*q**2 + 3*q - 3. Let v be z(2). Let f(x) = -x**2 + 8 - x**2 + x - 5. Let o(n) = -3*n**2 + 4. Let j(r) = 4*f(r) - 3*o(r). Calculate j(v).
5
Let y be 2/4 - 7/(-2). Let m = y - 8. Let l(u) = -2*u + 3. Let t(c) = -3*c + 5. Let v(b) = -5*l(b) + 3*t(b). What is v(m)?
-4
Let f(w) = -3*w**2 + 5*w - 3. Let u(g) = -g**2 + 8*g - 9. Let o be u(6). Calculate f(o).
-15
Let z(d) be the first derivative of d**4/4 - 4*d**3/3 + 2*d**2 - 2*d + 7. What is z(4)?
14
Let s(d) be the first derivative of d**2/2 - 2*d - 39. Let t(k) = -2*k - 9. Let g be t(-6). Suppose 0 = -5*u - 2*l - l - 7, 0 = u - l + g. Give s(u).
-4
Let h(v) = 2*v**2 - 6 - 4 - 8*v + 4. Let l(t) be the first derivative of -t**3/3 + 2*t**2 + 3*t - 1. Let a(o) = 2*h(o) + 5*l(o). Determine a(5).
-2
Let l = 19 + -17. Let h(n) = 7*n - l*n - 5*n**2 + 6 + n**3 + 4 - 12. What is h(4)?
2
Suppose 3*y = -y. Suppose y*j = -5*j - 10. Let l(d) = 4*d - 1. Give l(j).
-9
Let c(u) be the third derivative of -u**4/24 + 3*u**2. Let h be (-2 - 7/(-2))*-2. Give c(h).
3
Suppose 5*n = 4*n. Let t(c) = -2*c**3 + 3*c**2 - c - 9. Let y(h) = -h**3 + h**2 - 1. Let j(f) = t(f) - 3*y(f). Give j(n).
-6
Let p be 2/(-4)*(-4)/2. Let x be 4*(-2 - (p + -2)). Let y(i) = -i + 4*i + 2 + 50*i**2 - 49*i**2. Determine y(x).
6
Let r(t) = -t**3 + 2*t + 2. Let c(h) = -h**3 - h**2 + h. Let z(x) = -2*c(x) + r(x). Calculate z(-2).
2
Let m(k) = -k + 1. Suppose 0 = 3*j - q + 4, -3*j - 4*q = -0*j - 16. Give m(j).
1
Let x(t) = -9*t - 11*t + 2 - 5 + 2. What is x(-1)?
19
Let u(w) = 3 + 13*w**2 - 8*w - 19*w**2 + w**3 + 12*w**2. Calculate u(-7).
10
Let q = 77 - 74. Let u(c) be the first derivative of -c**4/4 + c**3/3 + 3*c**2/2 + 4*c - 1. Determine u(q).
-5
Let n(a) = a - 5. Let y be n(0). Let t(o) = o**2 + 6*o + 2. Let z be t(y). Let q(f) = 3 - 12*f + 4*f**2 + f**3 + 0*f**3 + 16*f. What is q(z)?
0
Suppose -3*m = -4*k + 2*k - 10, 5 = -4*m - k. Suppose -9*o = -4*o - 15. Let z(d) = 0*d - o + 0*d - 1 - d**3 + d**2. Give z(m).
-4
Let n be -1 + 0/(-3) + -3. Let p = n - -1. Let z(q) = -5*q**2 + q**3 + 6*q**2 + 3*q**2 + q - 3. What is z(p)?
3
Let t = 3 + 2. Let v = -2 + 4. Let r(k) = k - 3 - 2*k**2 + 9*k**2 - v*k**2 - k**3. Give r(t).
2
Let m(a) = -3*a - 2. Suppose 2*q - 4 = 3*c, 2*q + 4 = 4*q + 4*c. Suppose -2 = -4*r + q. Let y be (5 - r)*1 - 2. Calculate m(y).
-8
Let a(y) = y**3 + 8*y**2 - 7*y + 5. Let r(m) = -m**2 + m. Let c(i) = a(i) + 3*r(i). Suppose -240 = -6*k + 3*k. Let x be k/(-15) - 2/3. What is c(x)?
-7
Let m(j) = -j**2 + 6*j + 1. Let h(o) = 2*o**2 - 4*o + 1. Suppose -15 = -3*b - 2*b. Let l be h(b). Calculate m(l).
-6
Suppose 0 = 2*n - 3*n - 3. Let h = 3 + n. Suppose -2*d + 